t is the remainder when 414144 is divided by 44?
16
What is the remainder when 426533 is divided by 12923?
74
What is the remainder when 5449247 is divided by 102?
101
What is the remainder when 71568 is divided by 318?
18
What is the remainder when 67715 is divided by 435?
290
What is the remainder when 216669348 is divided by 14?
0
Calculate the remainder when 1217668 is divided by 292.
28
What is the remainder when 1562192 is divided by 5007?
8
What is the remainder when 4844693 is divided by 1975?
18
Calculate the remainder when 324362 is divided by 11533.
1438
Calculate the remainder when 19702 is divided by 15529.
4173
Calculate the remainder when 89886 is divided by 392.
118
Calculate the remainder when 121587 is divided by 20140.
747
What is the remainder when 76017 is divided by 89?
11
What is the remainder when 1022644 is divided by 511230?
184
What is the remainder when 154618 is divided by 2297?
719
What is the remainder when 4753093 is divided by 1100?
1093
What is the remainder when 2095 is divided by 515?
35
Calculate the remainder when 121698 is divided by 1688.
162
Calculate the remainder when 107137 is divided by 53491.
155
What is the remainder when 818592 is divided by 8?
0
What is the remainder when 3941097 is divided by 1146?
3
Calculate the remainder when 36024 is divided by 2434.
1948
Calculate the remainder when 18020699 is divided by 812.
795
What is the remainder when 148222 is divided by 380?
22
What is the remainder when 77944 is divided by 654?
118
What is the remainder when 359078 is divided by 119684?
26
What is the remainder when 7915620 is divided by 24736?
100
Calculate the remainder when 6463991 is divided by 432.
407
What is the remainder when 305092 is divided by 30113?
3962
What is the remainder when 1565102 is divided by 2815?
2777
Calculate the remainder when 6719235 is divided by 246.
237
Calculate the remainder when 570957 is divided by 6010.
7
What is the remainder when 499423 is divided by 180?
103
What is the remainder when 726408 is divided by 311?
223
What is the remainder when 1087592 is divided by 699?
647
Calculate the remainder when 23318701 is divided by 1013853.
82
What is the remainder when 848236 is divided by 319?
15
Calculate the remainder when 1046194 is divided by 261544.
18
Calculate the remainder when 4700060 is divided by 789.
776
Calculate the remainder when 1544767 is divided by 2038.
2001
Calculate the remainder when 226955 is divided by 974.
13
Calculate the remainder when 140816146 is divided by 1323.
1318
Calculate the remainder when 3457143 is divided by 172857.
3
Calculate the remainder when 2642678 is divided by 1321338.
2
Calculate the remainder when 867041 is divided by 432700.
1641
Calculate the remainder when 500601 is divided by 83406.
165
Calculate the remainder when 64678 is divided by 56.
54
What is the remainder when 654368 is divided by 8388?
104
What is the remainder when 3758 is divided by 1921?
1837
What is the remainder when 314933 is divided by 741?
8
What is the remainder when 1705381 is divided by 426341?
17
Calculate the remainder when 264824922 is divided by 144.
138
Calculate the remainder when 792373 is divided by 37732.
1
What is the remainder when 896333 is divided by 1715?
1103
Calculate the remainder when 21005 is divided by 6886.
347
Calculate the remainder when 473574 is divided by 78719.
1260
Calculate the remainder when 2964029 is divided by 227998.
55
What is the remainder when 5921104 is divided by 211468?
0
Calculate the remainder when 828867 is divided by 207.
39
What is the remainder when 30590751 is divided by 1142?
1139
What is the remainder when 2401574 is divided by 2285?
39
Calculate the remainder when 138978 is divided by 23073.
540
Calculate the remainder when 738305 is divided by 5163.
5159
What is the remainder when 936270 is divided by 148?
22
What is the remainder when 3546 is divided by 28?
18
What is the remainder when 186529066 is divided by 398?
396
What is the remainder when 8894078 is divided by 96674?
70
Calculate the remainder when 44630759 is divided by 28.
19
Calculate the remainder when 373403 is divided by 2050.
303
What is the remainder when 38221483 is divided by 16390?
3
Calculate the remainder when 2351174 is divided by 1085.
1064
Calculate the remainder when 268660 is divided by 140.
0
What is the remainder when 12333130 is divided by 449?
447
Calculate the remainder when 1447393 is divided by 202.
63
What is the remainder when 20588948 is divided by 642?
8
What is the remainder when 174323 is divided by 3286?
165
What is the remainder when 503454012 is divided by 34?
32
Calculate the remainder when 286777 is divided by 57354.
7
What is the remainder when 67919 is divided by 66060?
1859
Calculate the remainder when 39510327 is divided by 22513.
12
Calculate the remainder when 229766324 is divided by 13.
8
What is the remainder when 389633 is divided by 13407?
830
What is the remainder when 568001 is divided by 922?
49
Calculate the remainder when 175281 is divided by 21.
15
What is the remainder when 1280503 is divided by 25?
3
Calculate the remainder when 457499 is divided by 194.
47
Calculate the remainder when 4002244 is divided by 190579.
85
What is the remainder when 225024 is divided by 56237?
76
What is the remainder when 2724831 is divided by 70?
11
Calculate the remainder when 6962236 is divided by 458.
178
What is the remainder when 776287 is divided by 3395?
2227
Calculate the remainder when 628133 is divided by 69791.
14
Calculate the remainder when 252988318 is divided by 17.
13
Calculate the remainder when 85862 is divided by 5029.
369
What is the remainder when 12993260 is divided by 84?
56
What is the remainder when 157348 is divided by 155446?
1902
What is the remainder when 528806 is divided by 264191?
424
Calculate the remainder when 4777079 is divided by 658.
657
Calculate the remainder when 45267724 is divided by 838291.
10
What is the remainder when 44718337 is divided by 2810?
2807
Calculate the remainder when 12706 is divided by 296.
274
What is the remainder when 79581 is divided by 19686?
837
What is the remainder when 277960953 is divided by 13?
10
What is the remainder when 342705 is divided by 869?
319
What is the remainder when 74052 is divided by 22077?
7821
Calculate the remainder when 8636159 is divided by 46.
27
Calculate the remainder when 19050881 is divided by 114.
113
Calculate the remainder when 13039 is divided by 1989.
1105
What is the remainder when 665461 is divided by 72?
37
Calculate the remainder when 151691 is divided by 50505.
176
Calculate the remainder when 99640 is divided by 5862.
5848
Calculate the remainder when 32361210 is divided by 52.
50
What is the remainder when 1333467 is divided by 21?
9
Calculate the remainder when 11290 is divided by 2771.
206
What is the remainder when 401852 is divided by 311?
40
Calculate the remainder when 20686609 is divided by 5171650.
9
What is the remainder when 3115235 is divided by 778798?
43
Calculate the remainder when 28264 is divided by 1391.
444
Calculate the remainder when 54648205 is divided by 4554016.
13
Calculate the remainder when 2200461 is divided by 74.
71
Calculate the remainder when 7837494 is divided by 375.
369
What is the remainder when 549745 is divided by 159?
82
Calculate the remainder when 622791 is divided by 117.
0
What is the remainder when 13394485 is divided by 55?
5
Calculate the remainder when 197607 is divided by 197606.
1
Calculate the remainder when 41084848 is divided by 4803.
4789
Calculate the remainder when 1731294 is divided by 3733.
2915
Calculate the remainder when 38204 is divided by 37812.
392
Calculate the remainder when 5710283 is divided by 791.
54
What is the remainder when 4026445 is divided by 2127?
34
Calculate the remainder when 193771756 is divided by 362.
34
Calculate the remainder when 380799 is divided by 3593.
3534
What is the remainder when 18019424 is divided by 25927?
159
What is the remainder when 1457887 is divided by 6567?
13
Calculate the remainder when 2969573 is divided by 9486.
455
Calculate the remainder when 4342439 is divided by 10.
9
What is the remainder when 31786070 is divided by 59?
56
What is the remainder when 409155 is divided by 1670?
5
What 